8526?
14
What is the greatest common factor of 6608 and 275093518?
826
Calculate the highest common factor of 726179874 and 276.
138
Calculate the greatest common factor of 45981664 and 16656.
5552
Calculate the greatest common factor of 25 and 1283833825.
25
Calculate the highest common divisor of 906337576 and 496.
248
Calculate the greatest common factor of 15934 and 544298.
62
Calculate the highest common divisor of 11461 and 53655.
73
What is the highest common divisor of 405 and 550710?
45
Calculate the greatest common divisor of 22316 and 9716.
28
Calculate the greatest common factor of 120 and 772077090.
30
What is the greatest common divisor of 126 and 10454822?
14
Calculate the greatest common factor of 22150039 and 453.
151
Calculate the greatest common factor of 80 and 505273888.
16
Calculate the highest common factor of 1976 and 1156532.
52
Calculate the highest common factor of 1460220777 and 18.
9
Calculate the greatest common divisor of 21310026 and 30.
6
Calculate the greatest common factor of 781699 and 326612.
571
What is the greatest common divisor of 2092199 and 5015?
59
Calculate the highest common factor of 3124 and 7461674.
1562
What is the highest common factor of 2307703060 and 1678?
1678
Calculate the greatest common divisor of 6658446 and 666.
222
Calculate the greatest common factor of 7598 and 1042869.
29
What is the highest common divisor of 8784 and 125440?
16
What is the greatest common factor of 6 and 154548222?
6
Calculate the greatest common divisor of 45083328 and 1280.
64
Calculate the greatest common divisor of 6927685 and 4655.
95
What is the greatest common factor of 16835 and 122360147?
3367
Calculate the highest common divisor of 10557000 and 4.
4
Calculate the highest common factor of 2123934 and 3534.
3534
What is the highest common divisor of 14757787 and 33?
11
Calculate the highest common factor of 817608 and 529188.
2508
Calculate the greatest common divisor of 68728725 and 450.
225
Calculate the greatest common factor of 2475 and 525327.
33
Calculate the greatest common divisor of 22734 and 537786.
54
What is the highest common divisor of 298025 and 4224675?
2275
What is the highest common factor of 1734 and 900565038?
1734
Calculate the greatest common factor of 5545583 and 232.
29
What is the highest common divisor of 8924113 and 524?
131
Calculate the highest common divisor of 2873 and 665248896.
2873
What is the highest common factor of 1242090 and 4662?
666
What is the greatest common factor of 84 and 370236?
12
Calculate the highest common factor of 19280 and 16545132.
964
Calculate the highest common divisor of 376592 and 2104.
8
What is the greatest common divisor of 2547 and 4422724?
283
Calculate the highest common divisor of 15246 and 115237254.
726
What is the highest common divisor of 9977885 and 55?
5
Calculate the highest common factor of 320 and 14632192.
64
What is the highest common divisor of 97971 and 3219144?
339
What is the highest common divisor of 26753791 and 543?
181
What is the greatest common factor of 10292415 and 415?
415
Calculate the greatest common divisor of 1122 and 12835493.
187
What is the greatest common divisor of 16514176 and 1408?
128
Calculate the highest common divisor of 3148 and 49969778.
1574
What is the greatest common divisor of 267282670 and 170?
170
What is the greatest common factor of 13970532 and 357?
51
What is the highest common factor of 153 and 11026285?
17
Calculate the greatest common factor of 140923531 and 329.
329
Calculate the highest common factor of 1416 and 408398.
118
Calculate the highest common factor of 56643150 and 25.
25
What is the greatest common divisor of 544165 and 371735?
215
What is the highest common divisor of 368718 and 27804?
42
Calculate the highest common divisor of 61152 and 1603329.
1911
What is the highest common divisor of 5544 and 540936?
792
Calculate the highest common divisor of 26961 and 328771421.
8987
What is the greatest common divisor of 144742122 and 882?
126
What is the greatest common divisor of 1996 and 55362553?
499
What is the highest common factor of 6225 and 19225?
25
Calculate the greatest common divisor of 4721900 and 9775.
575
What is the highest common divisor of 354436432 and 938?
938
What is the greatest common divisor of 26244 and 1401354?
54
What is the highest common factor of 95353 and 55910512?
5609
What is the highest common divisor of 9 and 842277?
3
What is the highest common divisor of 1116 and 59109219?
279
Calculate the greatest common divisor of 129705 and 25440.
15
What is the greatest common factor of 9524544 and 286116?
1356
What is the highest common divisor of 430 and 324410?
10
Calculate the highest common divisor of 182 and 121050111.
91
What is the highest common factor of 1771 and 142978143?
1771
Calculate the highest common factor of 24 and 361212.
12
Calculate the greatest common factor of 24113287 and 3212.
803
What is the greatest common factor of 8576303 and 142?
71
Calculate the greatest common factor of 651836 and 41652.
356
What is the greatest common divisor of 721548 and 55020?
1572
What is the greatest common divisor of 593250043 and 346?
173
What is the greatest common factor of 4282279 and 1267?
181
What is the greatest common divisor of 3310 and 262370?
10
What is the highest common divisor of 138009846 and 1482?
78
What is the greatest common factor of 1291153477 and 577?
577
Calculate the greatest common divisor of 730776888 and 15624.
2232
Calculate the greatest common factor of 72 and 220346856.
72
Calculate the greatest common divisor of 18315 and 44544115.
2035
Calculate the highest common divisor of 31372980 and 10.
10
What is the highest common divisor of 320 and 1036240?
80
What is the highest common factor of 10 and 6452120?
10
Calculate the highest common factor of 6198831 and 46629.
1413
Calculate the greatest common divisor of 32268460 and 456.
76
Calculate the highest common factor of 79921611 and 21.
21
What is the highest common divisor of 29392090 and 910?
910
What is the greatest common divisor of 1616 and 220110512?
1616
Calculate the greatest common factor of 67071 and 143859.
237
What is the greatest common divisor of 2110583995 and 130?
65
What is the highest common factor of 143285798 and 141?
47
What is the greatest common divisor of 46393000 and 24561?
2729
Calculate the greatest common divisor of 883456 and 183736.
952
Calculate the highest common divisor of 925666 and 89350.
3574
What is the highest common factor of 192794557 and 202?
101
What is the highest common divisor of 2260 and 2246666?
226
What is the highest common factor of 358888 and 11639?
113
Calculate the greatest common divisor of 76461 and 119491.
331
What is the greatest common divisor of 133 and 1919714419?
133
Calculate the greatest common factor of 74820 and 54420.
60
What is the greatest common divisor of 882125 and 50?
25
Calculate the greatest common factor of 9940 and 3736446.
994
What is the greatest common divisor of 62484 and 762000?
1524
What is the highest common divisor of 26258611 and 949?
73
What is the highest common divisor of 1631268 and 5391?
9
Calculate the highest common factor of 1414411 and 7791.
53
What is the highest common factor of 12472157 and 15419?
907
What is the highest common divisor of 35 and 78699425?
35
Calculate the highest common divisor of 114255300 and 25.
25
What is the greatest common divisor of 36 and 62863182?
18
Calculate the greatest common divisor of 236 and 13778742.
118
Calculate the highest common factor of 36322719 and 299610.
9987
Calculate the highest common factor of 85852 and 122863.
169
Calculate the highest common divisor of 294493 and 99221.
317
What is the highest common factor of 579711693 and 12573?
4191
What is the highest common factor of 422673651 and 2151?
2151
What is the highest common factor of 101233286 and 371?
371
Calculate the greatest common divisor of 1775028480 and 5.
5
Calculate the greatest common divisor of 260110900 and 7.
7
What is the highest common factor of 506979 and 79299?
891
What is the highest common divisor of 2353912 and 209?
11
Calculate the highest common factor of 1590870 and 60534.
114
Calculate the highest common divisor of 333089062 and 34306.
2018
What is t